-48)/15)/(-4)*10. Suppose 3*q = -4*m + 17, -3*m - 7 = -v*m + q. Let j(u) be the third derivative of -u**4/24 - u**3/6 + u**2. Calculate j(m).
-3
Let p(j) = 2*j + 4. Let q(f) = 1 - f - 2*f + f + 9*f. Let i be q(-1). Determine p(i).
-8
Let n(z) = -5*z - 5. Let w(j) be the second derivative of j**3/6 + j**2/2 + j. Let g(x) = -n(x) - 6*w(x). Suppose b - 2*b = -5. Determine g(b).
-6
Let q(m) = -6 + 6 - 5*m**3. Let p(n) = -n**3 - 4*n**2 - 2*n + 2. Let j be p(-3). Calculate q(j).
5
Suppose -4*m + 12 = -8. Let x(l) = -1. Let b(f) be the first derivative of -f**2/2 - 5*f + 2. Let r(y) = b(y) - 5*x(y). Calculate r(m).
-5
Let y(n) = 4*n - 20. Let m(q) = -q + 5. Let j(k) = -9*m(k) - 2*y(k). Give j(7).
2
Let s(r) be the third derivative of -r**6/60 - r**5/20 - r**4/12 - r**3/3 + 2*r**2. Let o = -20 - -8. Let a be o/((-8)/(-2)) - -1. Give s(a).
6
Let z(m) = 1 - m**2 - 6*m**3 + 0*m**2 - m**2 + 4*m**2 + 2*m. Calculate z(-1).
7
Let b(q) be the third derivative of -q**6/360 + q**5/40 - q**4/12 + q**3/3 + q**2. Let s(k) be the first derivative of b(k). Let m = -3 - -7. What is s(m)?
-6
Let o(k) = k**2 + 5*k + 4. Let x be o(-5). Let s(d) be the third derivative of 0*d + 0 - 1/3*d**3 + 1/12*d**x - 2*d**2. Calculate s(4).
6
Let i(s) = 5*s - 3. Let f be 4 - (-8 + 5 + 5). Give i(f).
7
Let n(a) = -a**2 - 12*a - 12. Let z be n(-8). Suppose z = -2*k + 4*m, 5*k - 4*m = -0*m - 20. Let l(g) = -g + 2. Determine l(k).
2
Let u(p) = 5*p**2 - 1. Let s = -43 - -44. What is u(s)?
4
Let l(b) be the third derivative of b**4/24 + 12*b**2. Give l(2).
2
Let r(b) be the third derivative of 7/360*b**6 + 1/120*b**5 - 1/3*b**3 + 0*b - b**2 + 0 + 1/24*b**4. Let y(c) be the first derivative of r(c). Calculate y(-1).
7
Let t = -18 - -15. Let j(w) = -2*w**3 - 4*w**2 - w + 4. Give j(t).
25
Let v(o) be the first derivative of 1/3*o**3 + 1 + 1/2*o**2 - 5*o. Suppose -2*b = -0*p + p + 10, 5*p = 2*b + 10. Determine v(p).
-5
Let w(s) = s**3 - 8*s**2 + 7*s - 4. Suppose -8 = -3*d + 13. What is w(d)?
-4
Let h(k) = 4*k. Let z = 131 + -133. What is h(z)?
-8
Let d = 4 + 1. Suppose -4*h = 2*m + m - 10, -7 = -4*m + h. Let x(z) = -4*z**m + 0 - 5*z + 0*z**3 - 3 + z**3. What is x(d)?
-3
Let b(a) be the second derivative of 0 - 1/3*a**3 + a**2 - 7*a. Suppose -4*c - 3*s + 5 = 0, 5*c + s - 3*s = 12. Calculate b(c).
-2
Let v(p) = -9*p**3 + 2*p**2 - p. Suppose -4*n = -1 - 3. Give v(n).
-8
Let i = 3 + 5. Let n(k) = -2 + i*k**2 - 1 - 7*k**2. Calculate n(-3).
6
Let w be (-1 + 1)/(-1 - 1). Let k(n) = -n + 9 + 0 + 0. Give k(w).
9
Let o(m) = -2*m**3 + 1. Let t be o(-1). Let n(w) = 0*w + 0*w**3 + t - 5*w**2 + w - w**3 - 1. Suppose 3*k + 12 = -3. Determine n(k).
-3
Let c(j) = 11*j - 1. Let i(v) = 12*v - 1. Let g(t) = 6*c(t) - 5*i(t). Suppose -k - 2 = k. Calculate g(k).
-7
Let p(n) = n**2 + n - 1. Let h(j) = -4*j**2 + 5*j - 3. Let d(i) = h(i) + 2*p(i). What is d(4)?
-9
Suppose -6*o - 4*f = -o - 26, -3*o + 2 = -f. Let y(k) be the first derivative of -1/2*k**4 - 1/2*k**2 - o + k**3 + 2*k. What is y(2)?
-4
Let k(i) = -i**2 + 3*i + 1. Suppose 8 = 5*d - 3*d. Suppose 5*v - 44 = v + 4*o, 5*v + d*o = 82. Suppose q - 4*m = -5, -4*q - 4*m + v = -2*q. What is k(q)?
1
Let x(c) be the first derivative of c + 1 + 0*c**2 + 1/3*c**3. Suppose 0 = -53*b + 58*b. What is x(b)?
1
Let s(t) = 3*t + 0*t - 22*t. Determine s(-1).
19
Let n(x) = -x**3 - 4*x - 6*x**2 + 3 - x + x**2. What is n(-4)?
7
Let t(h) = -5*h**2 + 3*h - 1. Let d(l) = l**2 + 1. Let i(y) = -4*d(y) - t(y). Give i(3).
-3
Let w(r) be the first derivative of -2/3*r**3 - r**2 + 3 + 4*r. Determine w(-3).
-8
Let y(u) = -4*u**2 - 2*u - 1. Suppose 3*i - 8 = -4*k, -4*i + 0*k + 20 = 3*k. Let c be ((-28)/i - -3)*2. Calculate y(c).
-3
Let h(c) be the third derivative of c**4/24 + 3*c**3/2 - c**2 - 8. Calculate h(-10).
-1
Suppose 3*k = -4*a - 12, -3*k + a + 3 + 0 = 0. Suppose k = -u + 6*u - 5. Let j(m) = -u - m**3 + 0*m**3 - 6*m + 7 + 5*m**2. What is j(4)?
-2
Let x(z) = 2*z**3 - 10*z**2 + 3*z + 15. Let j(p) = -p**3 + 5*p**2 - p - 8. Let c(m) = -5*j(m) - 3*x(m). Give c(4).
-5
Let t(a) = -a - 4. Let g be t(-2). Let v(m) = 2 + m + 6*m - 3*m. Calculate v(g).
-6
Let k(d) = -d**3 + 7*d**2 + d - 1. Let z be k(7). Let f(y) = -z*y - 1 + 5*y**2 + 4*y**3 - 4*y**3 + y**3. Let w = 25 - 31. Calculate f(w).
-1
Let d(f) be the first derivative of f**3/3 + f**2 - 2*f + 11. Calculate d(2).
6
Let h(a) be the second derivative of a**7/840 + a**6/120 - a**5/120 - a**4/12 + a**3/3 - 4*a. Let t(x) be the second derivative of h(x). Calculate t(-3).
1
Let o(i) = -i - 2. Let u(v) = 1. Let h(p) = -o(p) - u(p). Let c be (-1)/(((-5)/(-6))/(-5)). Calculate h(c).
7
Let j(g) = -8*g**3 + 2*g**2 + 10*g - 10. Let w(p) = 7*p**3 - 2*p**2 - 9*p + 9. Let m(s) = -6*j(s) - 7*w(s). Determine m(2).
3
Suppose -2*s + 18 = s. Let r(k) = s*k + k**2 - k + 1 + 0. What is r(-4)?
-3
Let m(d) = -8 + 1 - 1 + 0 - 3*d. Give m(-6).
10
Let o(f) = -3*f + f**2 - 2 + 2*f - 2*f. Calculate o(3).
-2
Let i(y) = 7*y - 3. Let v be 2/(-2) - (-6)/2. Determine i(v).
11
Let g(z) be the second derivative of -z**5/20 + z**4/12 + z**3/6 + z**2 + 14*z. Let l be ((-2)/(-6))/((-3)/(-9)). Let q be -2 + 2 + l - 1. Give g(q).
2
Let r(n) be the first derivative of -n**2 - 2*n - 2. Give r(2).
-6
Let c be ((-6)/(-9))/((-2)/(-45)). Suppose 4*k = 3*w - 1, 3*w - c = -0*k - 3*k. Let t(b) = -3*b - k*b + b. Give t(2).
-8
Let u(y) be the second derivative of -y**4/12 + 2*y**3/3 + y**2/2 + 5*y. Calculate u(6).
-11
Let k = 139 + -148. Let n(u) = u**3 + 9*u**2 + 2*u + 12. Calculate n(k).
-6
Let u(q) be the first derivative of q**2/2 - 11*q + 4. Give u(5).
-6
Let b be -2*(6/8 - 1). Let l(c) be the first derivative of -b*c**2 - c + 1. Calculate l(-4).
3
Let r(z) be the third derivative of 0*z**3 + 1/60*z**5 - 3*z**2 + 0*z + 1/120*z**6 + 0 + 0*z**4. Give r(1).
2
Let b(h) be the third derivative of h**5/60 - h**4/4 - 3*h**3/2 - 2*h**2 + 4*h. What is b(8)?
7
Let a = 9 + -5. Let o(x) = 3*x - a*x**3 + 3*x + 1 - 4*x. What is o(-1)?
3
Let k(t) = 5*t**2 - 9*t + 2. Let m(n) = -n**2 + n. Let o(u) = k(u) + 4*m(u). Give o(3).
-4
Let i be ((-3)/(-1))/3*4. Let w(r) = r - r**2 + 6 + 0*r - i*r. Give w(-5).
-4
Let k = -21 - -20. Let z(d) = d**3. Let g(p) = -9*p**3 + 1. Let s(r) = -g(r) + 3*z(r). What is s(k)?
-13
Let q be -1 + 4/(-6)*3. Let f = 3 + q. Let b(r) = r**3 - r**2 + 1. Calculate b(f).
1
Let q be 1/((-2)/(-20)*2). Suppose -v = -5*x + 5 - 1, -q*x + 3*v = -2. Let t(p) = 9*p - 1. What is t(x)?
8
Suppose -5*i + 0 - 30 = 0. Let z(a) = a**3 + 5*a**2 - 7*a + 6. Let y be z(i). Suppose -4*r = 5*h - h + y, h = r + 3. Let j(m) = m. Give j(r).
-3
Let i(b) = -b**3 - 4*b**2 + 7*b + 5. Let x = 160 - 165. What is i(x)?
-5
Let h(z) be the third derivative of -z**5/60 + 7*z**4/24 - z**3/3 + 2*z**2. Suppose 3*g - 7 = 11. Calculate h(g).
4
Let j(g) = g**2 - 5*g + 7. Let k be j(4). Let d(h) be the second derivative of 0 - 1/2*h**2 + 1/20*h**5 - 1/2*h**k - 2*h - 1/12*h**4. Calculate d(3).
8
Let b(l) = 8*l**3 + 2*l - 1. Let j be 56/42 - 2/6. Give b(j).
9
Suppose -3*m = -m - 2. Let x(i) = 4*i**2 + i - 1. Give x(m).
4
Let v(s) = 3*s**3 + s**2 + 3*s - s**3 - 5*s. Let c = -1 - -4. Suppose -3*q - 6 = -5*d, -c*q - 6 = 5*d - 4*d. Determine v(q).
-8
Let p(n) = 2*n + 1. Let i(x) = -x**3 - 9*x**2 - 8*x + 10. Let q be i(-8). Let d = 5 - q. What is p(d)?
-9
Let r(f) = -7*f - 2. Let l(g) = -13*g - 4. Let z(q) = 6*l(q) - 11*r(q). Calculate z(-3).
1
Let m(l) = -5*l + 6*l - 3*l + 14 - 5. What is m(7)?
-5
Let z(p) be the third derivative of p**4/24 - p**3/6 + 31*p**2. Give z(-3).
-4
Let v(q) = 3 + 3*q - 2 - q. Let j(d) = 2*d**2 - 3*d + 2. Let t be j(2). Suppose -15 + 3 = t*z. Determine v(z).
-5
Let t(f) = f**3 + 2*f**2 - 4*f + 2. Let a = 14 + -12. Calculate t(a).
10
Let p(v) = -v**2 + 2. Suppose -3*d + 1 + 5 = 0. What is p(d)?
-2
Let a(u) = u**3 + 5*u**3 + 0 - 1 + u**2 + u. Let f(b) = b**3. Let w be -2*(-1)/(-3 - -4). Let z(h) = w*f(h) + a(h). Give z(1).
9
Suppose 0 = -5*d + 6 - 21. Suppose 5*p - 23 = -8. Let l(o) = -o**2 + 5 - 3 - o**p - 2*o**2 + 2*o. What is l(d)?
-4
Let f = -4 - -7. Let s(g) = -10*g**2 + 2*g + 5. Let b(z) = -5*z**2 + z + 2. Let r(y) = f*s(y) - 7*b(y). What is r(1)?
5
Let u be (4 - -2) + 1/1. Suppose 4*g + u = 15. Let d be 1/g*(-4)/1. Let b(h) = -h**2 + 2. Determine b(d).
-2
Let x = -31 - -25. Let p(t) = t - 6.